d + 34. Let c(w) = -24*w - 17. Let y(r) = 11*c(r) + 6*f(r). Is y(13) a prime number?
False
Suppose -2*y + 261 = -337. Is y a prime number?
False
Let c(p) be the third derivative of p**5/60 + 5*p**4/24 - p**3/6 - p**2. Let v be 5/4*(3 - -1). Is c(v) prime?
False
Let i(a) = -3*a**3 - 6*a**2 - 4*a - 6. Let c(q) = -3*q**3 - 6*q**2 - 4*q - 5. Let z(r) = 5*c(r) - 4*i(r). Let b be z(-4). Let w = -52 + b. Is w prime?
True
Suppose 7*i = 11*i - 16216. Is i prime?
False
Let v = 48 - -749. Is v a prime number?
True
Let w(x) = -x**2 + 8*x - 5. Let u be w(7). Let f = 2 - u. Let o(y) = y**2 - y + 62. Is o(f) composite?
True
Is (-56)/196 - (-6211)/7*1 prime?
True
Let u(v) be the second derivative of 19*v**5/12 - v**4/24 - v**3/6 - 3*v**2/2 + v. Let a(i) be the first derivative of u(i). Is a(-1) a prime number?
False
Suppose -4*i + 3*o + 1223 = 2*o, -2*i + o + 609 = 0. Is i composite?
False
Let a(h) be the third derivative of -5*h**4/6 - h**3/3 + 7*h**2. Let u = -5 - -2. Is a(u) a prime number?
False
Let c(s) be the second derivative of s**4/12 + 11*s**3/6 - 7*s**2/2 - 2*s. Suppose 7 - 21 = -2*o. Is c(o) composite?
True
Suppose 5*m - 18 = -3. Suppose 39 = m*q - 5*k + 2*k, 16 = q + 2*k. Is q a prime number?
False
Let n be 6/12 - (-5)/2. Suppose -2*a + n*a = 37. Is a prime?
True
Let a = -752 + 5012. Suppose 0 = -5*q - 5*s + a, 855 = -3*q + 4*q + 4*s. Is q a composite number?
True
Let s(i) = 31*i**2 + 2*i + 1. Let q be ((-3)/3*-3)/(-1). Is s(q) a composite number?
True
Let y(w) = w**3 + 2*w**2 - w + 11. Is y(10) prime?
True
Suppose 4*n - 21 = 95. Let b = n - -42. Let s = b + -33. Is s prime?
False
Let o(r) = -9*r + 5. Let p be o(11). Let t = -27 - p. Is t composite?
False
Let j be (3/3 + 0)/1. Suppose -2*y + l + 48 = 0, -3*l = j - 7. Is y a composite number?
True
Suppose -2*a + a + 164 = 0. Suppose 3*x - 2*y = -x + 136, 5*x - y - a = 0. Let n = 51 - x. Is n a prime number?
True
Let x = 5 - 3. Let a(v) = 3*v**2 + v**3 + 0*v**2 - 2 + v**x - 2*v. Is a(-3) prime?
True
Is (10 - -1)/((-3)/(-21)) a prime number?
False
Is (-10927)/14*(-2 + 0/1) composite?
True
Suppose 2*x + x = 0. Suppose -3*i + r + 83 = x, -5*r + 98 = 2*i + 2*i. Is (-6)/i - (-2614)/18 a composite number?
True
Suppose l + 0*d - 3 = 5*d, 4*d + 12 = 4*l. Suppose 42 + 339 = l*w. Is w a prime number?
True
Suppose 0*n + 4*n - 608 = 5*j, 2*n = -3*j + 326. Is n composite?
False
Let s = 1 + -3. Let m be (-24)/(-9) - s/(-3). Suppose 4*y = 12, -2*p - 3*p - m*y + 401 = 0. Is p a prime number?
True
Let x = 8 + -6. Let y be -2 + x + -1 + 1. Suppose y = -2*p - 4*i + 114, -4*i + 47 = p - 0*i. Is p composite?
False
Suppose 0*h = h + 46. Is h*((-6)/(-4))/(-1) a composite number?
True
Let t = 35 + -24. Is t a prime number?
True
Let l = 33 - 28. Suppose -5*i = l*m + 1208 - 4358, -4*i - m + 2523 = 0. Is i a composite number?
False
Suppose 3*i + 5450 = d - 612, -2*i - 24258 = -4*d. Is d a prime number?
False
Let z be 2 + -2 - (-536)/(-1). Let r be z/(-6) - (-4)/(-12). Let s = r - 54. Is s a prime number?
False
Let j(u) be the first derivative of u**3 + 7*u**2/2 - 7*u + 6. Is j(-6) composite?
False
Let z(n) = -3*n + 12. Let b be z(8). Let d = 22 - b. Is d composite?
True
Suppose -b = b - 22. Let u = 16 - b. Let v = 1 + u. Is v composite?
True
Suppose -2*s - 10 = -4*s. Suppose s*j - 277 = -42. Is j a composite number?
False
Suppose 0 = -5*l + 2*f + 2397, 2*l + l = -5*f + 1463. Is l a prime number?
False
Let t(z) = 25*z**2 + 2. Let x be t(-2). Suppose -2*d + 4*d = 4*o - 138, 3*o - 3*d - x = 0. Is o prime?
False
Let v(h) be the second derivative of 5*h**4/12 + h**3/2 + 5*h**2/2 - 9*h. Is v(5) a composite number?
True
Let x(g) = 2*g**2 + 3*g - 3. Let s be x(-3). Let o be 2/(-3) + (-8)/s. Is 11/o*(-6)/3 a prime number?
True
Let n be (-3)/6 - (-1598)/4. Let g = -140 + n. Is g a prime number?
False
Let k(h) = -h**3 - h**2 + h. Let y be k(-2). Suppose -y*q = q - 129. Is q a prime number?
True
Let u = 805 - 482. Is u a composite number?
True
Let k = 3 + -3. Suppose 5*w + 2*r - 1662 = 0, k*w - 3*r - 661 = -2*w. Suppose w = p + 3*p. Is p a prime number?
True
Let j(v) = -132*v - 1. Let z be j(-4). Suppose 280 + z = 3*t. Is t prime?
True
Let b(x) be the second derivative of x**3/3 - 3*x**2 + x. Let f be b(4). Suppose -f*p + 34 = -4. Is p composite?
False
Suppose -m = -8 + 1. Suppose -5*t = -m*t + 52. Is t a prime number?
False
Suppose -3 + 2 = -5*t - 2*s, 5*s = 15. Let y(m) = -26*m - 1. Let p be y(t). Suppose -3*v = -p - 86. Is v composite?
False
Let o be (98/(-4))/(3/(-6)). Is o + (3 - (-2 - -5)) composite?
True
Suppose 2 = -n - 2*m, -6*n + n = -3*m - 16. Is (-1)/1 - n - -100 composite?
False
Let j(n) = -23*n**3 - 3*n**2 + 5*n + 4. Is j(-3) a composite number?
True
Is 2*(-6)/(-8)*38 a composite number?
True
Suppose 20 = 9*r - 5*r. Suppose 0 = r*k - 15, 0 = 3*y - 4*k + k - 204. Is y a prime number?
True
Is 165 + (-20)/(-4 + 9) a composite number?
True
Suppose -5*k - 3*i - 535 = -0*i, -10 = -2*i. Let x = k - -396. Suppose 55 = -3*h + x. Is h prime?
False
Is (-5)/(-45) - 6496/(-18) a prime number?
False
Suppose 3*n + 8 = 5*n. Suppose 0 = 2*d - n*s - 50, 2*s = -3*d + 47 - 12. Is d a prime number?
False
Suppose 5*r - 191 = 144. Let p = r + -32. Is p a prime number?
False
Suppose 44*o - 42*o - 3722 = 0. Is o a composite number?
False
Suppose l + 3*l = -16. Let k be (-31)/(0 + (-2)/l). Let x = -23 - k. Is x composite?
True
Let t be (3 + 24/(-9))*9. Let i = t - -7. Is i composite?
True
Suppose 4*n + 126 = 746. Is n composite?
True
Let s(l) be the third derivative of -5/24*l**4 - 1/3*l**3 + 0*l + 1/10*l**5 - 2*l**2 + 0. Is s(4) composite?
True
Let l = -1 + 3. Is ((-28)/(-16))/(l/16) a prime number?
False
Let q(l) = -l**3 + 9*l**2 + 2*l + 11. Let o be q(9). Let w = o - -66. Is w a composite number?
True
Let l = -578 - -1201. Is l prime?
False
Let g(x) = 7*x**3 + 3*x**2 - 8*x + 1. Is g(5) prime?
True
Suppose -2*j + 2*n = -32, -4*n - 78 = -5*j - 0. Suppose 0 = -5*m - 3*o + 205, -4*o - 38 - 44 = -2*m. Let x = m + j. Is x a prime number?
False
Let s be 6801/15 + 6/(-15). Let q = -244 + s. Is q prime?
False
Let x be (-1*(-2194)/(-2))/(-1). Suppose 5*g - x = -3*v, 3*g - 6*g + 639 = -3*v. Is g a prime number?
False
Let r be (-18)/(-5)*20/8. Is 492/r + (-2)/(-6) composite?
True
Suppose 7 = -4*b - 1. Is 106*b/(-4)*3 a prime number?
False
Is 87 + ((-4)/5)/(4/10) a prime number?
False
Let p = -3 + 1. Is ((-15)/p + 2)*2 a composite number?
False
Let l(y) = y**2 + 1. Let r(p) = 20*p**2 + p - 4. Let g(j) = 3*l(j) + r(j). Is g(1) prime?
True
Is 4/(-18) - 24055/(-153) composite?
False
Let j be (1 - -1)/6*12. Is ((-2)/j)/((-12)/1128) a prime number?
True
Is (59/4)/((2 - -1)/12) a composite number?
False
Suppose -y = -2*u + 6*u - 54, -5*y + 286 = 4*u. Let s be 0 - 2/2 - -18. Suppose -5*x + y = -s. Is x a prime number?
False
Suppose -2*x - 276 = -0*n - 5*n, 4*x = 4*n - 228. Let i = -1 + n. Is i composite?
False
Suppose 5*g - 2*g - 12 = 0. Let l = -3 + g. Let c(v) = 85*v. Is c(l) prime?
False
Let s(o) = -2*o**3 - 4*o**2 - 4*o - 3. Let j be s(-2). Suppose -575 = -4*v + j. Is v prime?
False
Let t be (-1880)/(-14) - (-8)/(-28). Let s = t - 206. Let f = -50 - s. Is f composite?
True
Let a be ((-3)/3)/(2/(-110)). Suppose a = 3*p + 2*u, 2*u = p - 22 + 1. Is p a prime number?
True
Let c = 1676 - 799. Is c composite?
False
Suppose -g - 3*g + 60 = 0. Let k be (-18)/g*(-50)/1. Let v = 118 - k. Is v a composite number?
True
Suppose -157 = -j - i, 2*j - 14 - 304 = 2*i. Is j a prime number?
False
Suppose 3*a - 133 = -z - 414, 0 = 5*z + a + 1377. Let c = 390 + z. Is c prime?
False
Let l = 35 + -23. Let o be 4/(-6) - (-56)/l. Suppose 8 = 2*s, -4*j + o + 24 = -2*s. Is j prime?
False
Suppose -2*p + 10 = -5*u, u - 31 = -p - 3*u. Suppose 3*k + p = 0, 0*k + 4*k - 95 = -b. Is b composite?
True
Suppose -7*f = -2850 - 6565. Is f prime?
False
Suppose -5 = -5*z + 5. Suppose b + 0*p - 375 = z*p, 0 = -3*b - 3*p + 1134. Suppose 3*v - 3*t - 66 - 504 = 0, 2*v - b = 5*t. Is v prime?
True
Let b = 162 - 4. Is b composite?
True
Let o be (3 - 2)/((-1)/3). Suppose 2*f = -f + 12. Is ((-2)/f)/(o/90) composite?
True
Let w(h) = -h + 10. Let p be w(7). Suppose 0 = 4*x - x - p. Let n(j) = 96*j**3 - 2*j**2 + 1. Is n(x) composite?
True
Let t = 1 + -8. Let w(y) = 6*y**2 + 3*y + 6. Let a be w(t). Let z = a 